{"id":2542,"date":"2023-06-26T20:35:31","date_gmt":"2023-06-26T17:35:31","guid":{"rendered":"https:\/\/smartfluid.cl\/?post_type=product&#038;p=2542"},"modified":"2023-06-26T20:35:33","modified_gmt":"2023-06-26T17:35:33","slug":"fg-100","status":"publish","type":"product","link":"https:\/\/smartfluid.cl\/index.php\/producto\/fg-100\/","title":{"rendered":"FG-100"},"content":{"rendered":"<div id=\"ref-id-3455\" class=\"referencia-inter filter-color  \">\n<div class=\"body-text\">\n<p><strong>Especialmente indicado para Di\u00e9sel<\/strong><\/p>\n<\/div>\n<\/div>\n<div id=\"ref-id-3456\" class=\"referencia-inter filter-color  \">\n<div class=\"referencia-codi\">\n<div class=\"title-in\">FG-100 \u00b7 5 \u00b5m (micra) \u00b7 papel filtrante hidr\u00f3fugo<\/div>\n<div class=\"codi\">39023<\/div>\n<\/div>\n<\/div>\n<div id=\"ref-id-3452\" class=\"referencia-inter filter-color  \">\n<div class=\"body-text\">\n<p><strong>Especialmente indicado para gasolina, queroseno, AVGAS, JET A-1, Di\u00e9sel (consultar otros l\u00edquidos)<\/strong><\/p>\n<\/div>\n<\/div>\n<div id=\"ref-id-3457\" class=\"referencia-inter filter-color  \">\n<div class=\"referencia-codi\">\n<div class=\"title-in\">FG-100G \u00b7 5 \u00b5m (micra)<\/div>\n<div class=\"codi\">39071<\/div>\n<\/div>\n<\/div>\n<div id=\"ref-id-3458\" class=\"referencia-inter filter-color  \">\n<div class=\"body-text\">\n<p><strong>Especialmente indicado para biodi\u00e9sel<\/strong><\/p>\n<\/div>\n<\/div>\n<div id=\"ref-id-3459\" class=\"referencia-inter filter-color  \">\n<div class=\"referencia-codi\">\n<div class=\"title-in\">FG-100BIO \u00b7 25 \u00b5m (micra)<\/div>\n<div class=\"codi\">39024<\/div>\n<\/div>\n<\/div>\n<div id=\"ref-id-2754\" class=\"referencia-inter filter-color  \">\n<div class=\"body-text\">\n<ul>\n<li>Filtraci\u00f3n\u00a0<i>gas\u00f3leo<\/i>\u00a0<i>y gasolina<\/i>:\u00a0<strong>5 \u00b5m (micra)<\/strong><\/li>\n<li>Filtraci\u00f3n\u00a0<i>biodi\u00e9sel<\/i>:\u00a0<strong>25 \u00b5m (micra)<\/strong><\/li>\n<li><strong>Decantador de agua<\/strong>\u00a0por medido de papel filtrante\u00a0<strong>hidr\u00f3fugo (5 \u00b5m)<\/strong>, con decantaci\u00f3n de agua al 93% (FG-100 y FG-100G)<\/li>\n<li>Capacidad:\u00a0<strong>2 litros<\/strong><\/li>\n<li>Capacidad de transvase:\u00a0<strong>105 l\/min<\/strong><\/li>\n<li>Carcasa superior filtro:\u00a0<strong>aluminio<\/strong><\/li>\n<li>Vaso: pl\u00e1stico transparente<\/li>\n<li>Entrada\/Salida: bridas o roscas\u00a0<strong>H1&#8243; BSP<\/strong><\/li>\n<li>Instalaci\u00f3n:\u00a0<strong>en la aspiraci\u00f3n o impulsi\u00f3n del equipo de bombeo<\/strong><\/li>\n<li>Presi\u00f3n m\u00e1x. de trabajo:\u00a0<strong>5 bar<\/strong><\/li>\n<li>Presi\u00f3n de rotura del vaso:\u00a0<strong>8 bar<\/strong><\/li>\n<li>Depresi\u00f3n m\u00e1x. de trabajo:<strong>\u00a0-0,5 bar<\/strong><\/li>\n<li>Temperatura:<strong>\u00a0-10 \u00baC \u00b7 +50 \u00baC<\/strong><\/li>\n<li>Purgador<\/li>\n<\/ul>\n<p><strong>SE SUMINISTRA CON:<\/strong><\/p>\n<p>Carcasa + cartucho +\u00a0<strong>Llave<\/strong>\u00a0para una\u00a0<u>R\u00c1PIDA sustituci\u00f3n del cartucho filtrante<\/u>, desenroscando el aro del mismo<\/p>\n<p>Dimensiones y peso (aprox.):<\/p>\n<ul>\n<li>Dim. caja: 190x230x330 mm (largo x ancho x alto)<\/li>\n<li>Peso bruto caja: 2,72 kg<\/li>\n<\/ul>\n<p>FG-100<\/p>\n<\/div>\n<p>&nbsp;<\/p>\n<\/div>\n","protected":false},"excerpt":{"rendered":"<p>Especialmente indicado para Di\u00e9sel FG-100 \u00b7 5 \u00b5m (micra) \u00b7 papel filtrante hidr\u00f3fugo 39023 Especialmente indicado para gasolina, queroseno, AVGAS, JET A-1, Di\u00e9sel (consultar otros l\u00edquidos) FG-100G \u00b7 5 \u00b5m (micra) 39071 Especialmente indicado para biodi\u00e9sel FG-100BIO [&hellip;]<\/p>\n","protected":false},"featured_media":2543,"comment_status":"open","ping_status":"closed","template":"","meta":[],"product_cat":[80,83],"product_tag":[84,81],"class_list":["post-2542","product","type-product","status-publish","has-post-thumbnail","hentry","product_cat-gespasa","product_cat-filtros","product_tag-filtros","product_tag-gespasa"],"_links":{"self":[{"href":"https:\/\/smartfluid.cl\/index.php\/wp-json\/wp\/v2\/product\/2542","targetHints":{"allow":["GET"]}}],"collection":[{"href":"https:\/\/smartfluid.cl\/index.php\/wp-json\/wp\/v2\/product"}],"about":[{"href":"https:\/\/smartfluid.cl\/index.php\/wp-json\/wp\/v2\/types\/product"}],"replies":[{"embeddable":true,"href":"https:\/\/smartfluid.cl\/index.php\/wp-json\/wp\/v2\/comments?post=2542"}],"wp:featuredmedia":[{"embeddable":true,"href":"https:\/\/smartfluid.cl\/index.php\/wp-json\/wp\/v2\/media\/2543"}],"wp:attachment":[{"href":"https:\/\/smartfluid.cl\/index.php\/wp-json\/wp\/v2\/media?parent=2542"}],"wp:term":[{"taxonomy":"product_cat","embeddable":true,"href":"https:\/\/smartfluid.cl\/index.php\/wp-json\/wp\/v2\/product_cat?post=2542"},{"taxonomy":"product_tag","embeddable":true,"href":"https:\/\/smartfluid.cl\/index.php\/wp-json\/wp\/v2\/product_tag?post=2542"}],"curies":[{"name":"wp","href":"https:\/\/api.w.org\/{rel}","templated":true}]}}