{"id":2544,"date":"2023-06-26T20:40:16","date_gmt":"2023-06-26T17:40:16","guid":{"rendered":"https:\/\/smartfluid.cl\/?post_type=product&#038;p=2544"},"modified":"2023-06-26T20:40:19","modified_gmt":"2023-06-26T17:40:19","slug":"filkit","status":"publish","type":"product","link":"https:\/\/smartfluid.cl\/index.php\/producto\/filkit\/","title":{"rendered":"FILKIT"},"content":{"rendered":"<div class=\"uk-grid-collapse article__-petit uk-child-width-expand@m small-grid-grid uk-grid producte-card\">\n<div class=\"uk-width-expand@m\">\n<header class=\"article__header\">\n<h2>FILTRO FILKIT \u00b7 di\u00e9sel o gasolina<\/h2>\n<div class=\"article__tags\">\n<div class=\"article__label article__label--384\"><img decoding=\"async\" class=\"icon-liquit\" title=\"Gasoil\" src=\"https:\/\/www.gespasa.es\/img_admin\/ga-1.svg\" alt=\"Gasoil\" width=\"15\" height=\"20\" \/>DI\u00c9SEL<\/div>\n<div class=\"article__label article__label--364\"><img decoding=\"async\" class=\"icon-liquit\" title=\"Gasolina\" src=\"https:\/\/www.gespasa.es\/img_admin\/di-2.svg\" alt=\"Gasolina\" width=\"15\" height=\"20\" \/>GASOLINA<\/div>\n<div class=\"article__label article__label--935\"><img decoding=\"async\" class=\"icon-liquit\" title=\"Biodi\u00e9sel\" src=\"https:\/\/www.gespasa.es\/img_admin\/biodiesel_xxl-8.svg\" alt=\"Biodi\u00e9sel\" width=\"15\" height=\"20\" \/>BIODI\u00c9SEL<\/div>\n<\/div>\n<\/header>\n<div>\n<div class=\"referencies\">\n<div id=\"ref-id-2822\" class=\"referencia-inter filter-color  \">\n<div class=\"referencia-codi\">\n<div class=\"title-in\">FILKIT \u00b7 25 \/ 5 \u00b5m<\/div>\n<div class=\"codi\">66270<\/div>\n<\/div>\n<\/div>\n<div id=\"ref-id-3707\" class=\"referencia-inter filter-color  \">\n<div class=\"referencia-codi\">\n<div class=\"title-in\">FILKIT \u00b7 25 \/10 \u00b5m \u00b7 absorbente de agua<\/div>\n<div class=\"codi\">662700300<\/div>\n<\/div>\n<\/div>\n<div id=\"ref-id-4692\" class=\"referencia-inter filter-color \">\n<div class=\"referencia-codi\">\n<div class=\"title-in\">FILKIT EX \u00b7 IRON-50 Ex 230 VCA \u00b7 25 \/ 5 \u00b5m<\/div>\n<div class=\"codi\">662700600<\/div>\n<\/div>\n<\/div>\n<div id=\"ref-id-2823\" class=\"referencia-inter filter-color  \">\n<div class=\"body-text\">\n<ul>\n<li>Equipo de filtraje m\u00f3vil de 40 l\/min<\/li>\n<\/ul>\n<p><strong>COMPUESTO POR<\/strong><\/p>\n<ul>\n<li>Soporte en tubo met\u00e1lico con asa y ruedas para circulaci\u00f3n interior y exterior (manejo f\u00e1cil y ligero)<\/li>\n<li>Soporte para enrollar la manguera y colgar la pistola<\/li>\n<li>Bomba auto-aspirante\u00a0<a href=\"https:\/\/www.gespasa.es\/es\/productos\/carburantes\/bombas-gasoleo\/iron-50-230-vca.html\" target=\"_blank\" rel=\"noopener\">IRON-50 230 VCA<\/a>\u00a0o\u00a0<a href=\"https:\/\/www.gespasa.es\/es\/productos\/carburantes\/bombas-atex\/iron-50-ex-230-vca.html\" target=\"_blank\" rel=\"noopener\">IRON-50 Ex 230 VCA<\/a>\u00a0(seg\u00fan modelo)<\/li>\n<li>V\u00e1lvula de corte en la entrada de la bomba y en la salida del filtro<\/li>\n<li>Pre-filtro FUP-1 en la entrada de la bomba<\/li>\n<li>Filtraje en dos etapas \u00b7\u00a0<strong>c\u00f3d. 66270 \u00b7 c\u00f3d. 662700600\u00a0<\/strong>(juntas de Vit\u00f3n):\n<ul>\n<li>Microfiltro\u00a0<a href=\"https:\/\/www.gespasa.es\/es\/productos\/carburantes\/filtros\/fg-100.html\" target=\"_blank\" rel=\"noopener\">FG-100BIO<\/a>\u00a0de 25 \u00b5m (micra)<\/li>\n<li>Microfiltro\u00a0<a href=\"https:\/\/www.gespasa.es\/es\/productos\/carburantes\/filtros\/fg-100.html\" target=\"_blank\" rel=\"noopener\">FG-100<\/a>\u00a0de 5 \u00b5m (micra)<\/li>\n<\/ul>\n<\/li>\n<li>Filtraje en dos etapas \u00b7\u00a0<strong>c\u00f3d. 662700300<\/strong>:\n<ul>\n<li>Microfiltro\u00a0<a href=\"https:\/\/www.gespasa.es\/es\/productos\/carburantes\/filtros\/fg-100.html\" target=\"_blank\" rel=\"noopener\">FG-100BIO<\/a>\u00a0de 25 \u00b5m (micra)<\/li>\n<li>Microfiltro\u00a0<a href=\"https:\/\/www.gespasa.es\/es\/productos\/carburantes\/filtros\/fg-70.html\" target=\"_blank\" rel=\"noopener\">FG-70<\/a>\u00a0de 10 \u00b5m (micra) \u00b7\u00a0<i><strong>absorbente de agua<\/strong><\/i><\/li>\n<\/ul>\n<\/li>\n<\/ul>\n<p>Dimensiones y peso (aprox.):<\/p>\n<ul>\n<li>Dim.: 570x500x1050 mm (largo x ancho x alto)<\/li>\n<li>Peso: 23 kg<\/li>\n<\/ul>\n<\/div>\n<\/div>\n<div id=\"ref-id-2824\" class=\"referencia-inter filter-color  \">\n<div class=\"body-text\">\n<p><strong>Opcional:<\/strong><\/p>\n<\/div>\n<\/div>\n<div id=\"ref-id-2825\" class=\"referencia-inter filter-color  \">\n<div class=\"referencia-codi\">\n<div class=\"title-in\">&#8211; Kit mangueras FILKIT<\/div>\n<div class=\"codi\">662708000<\/div>\n<\/div>\n<div class=\"body-text\">\n<p>Compuesto por:<\/p>\n<ul>\n<li>6 m manguera especial aspiraci\u00f3n con v\u00e1lvula y pre-filtro<\/li>\n<li>4 m manguera impulsi\u00f3n con pistola\u00a0<a href=\"https:\/\/www.gespasa.es\/es\/productos\/carburantes\/pistolas\/psf-040.html\" target=\"_blank\" rel=\"noopener\">PSF-040<\/a><\/li>\n<\/ul>\n<\/div>\n<\/div>\n<div id=\"ref-id-4693\" class=\"referencia-inter filter-color \">\n<div class=\"referencia-codi\">\n<div class=\"title-in\">&#8211; Kit mangueras FILKIT EX<\/div>\n<div class=\"codi\">662708001<\/div>\n<\/div>\n<div class=\"body-text\">\n<p>Compuesto por:<\/p>\n<ul>\n<li>6 m manguera especial aspiraci\u00f3n con v\u00e1lvula y pre-filtro<\/li>\n<li>4 m manguera impulsi\u00f3n con pistola\u00a0<a href=\"https:\/\/www.gespasa.es\/es\/productos\/carburantes\/pistolas\/pa-80.html\" target=\"_blank\" rel=\"noopener\">PA-80<\/a>\u00a0para gasolina<\/li>\n<\/ul>\n<\/div>\n<\/div>\n<div id=\"ref-id-2829\" class=\"referencia-inter filter-color  \">\n<div class=\"body-text\">\n<p>Peso kit mangueras (aprox.): 31 kg<\/p>\n<\/div>\n<\/div>\n<\/div>\n<\/div>\n<\/div>\n<\/div>\n<div class=\"uk-grid-collapse article__-petit uk-child-width-expand@m small-grid-grid uk-grid producte-card\">\n<div class=\"uk-width-1-3@m uk-first-column\">\n<div class=\"uk-card-body uk-card card-slider\">\n<div class=\"slider-pro\">\n<div class=\"uk-slider\">\n<div class=\"uk-position-relative\">\n<div class=\"uk-slider-container uk-light\">\n<ul class=\"uk-slider-items uk-child-width-1-1\">\n<li class=\"uk-text-center uk-active\" tabindex=\"-1\"><a class=\"uk-panel\" href=\"https:\/\/www.gespasa.es\/img_admin\/cartutxo-fg100-amb-filtre-660708001-660708005-660708002-web_xxl-859.png\" aria-label=\"\/img_admin\/cartutxo-fg100-amb-filtre-660708001-660708005-660708002-web_xxl-859.png\" target=\"_blank\" rel=\"noopener\"><img loading=\"lazy\" decoding=\"async\" title=\"Recambios FG-100\" src=\"https:\/\/www.gespasa.es\/img_admin\/cartutxo-fg100-amb-filtre-660708001-660708005-660708002-web_m-859.png\" alt=\"Recambios FG-100\" width=\"468\" height=\"468\" \/><\/a><\/li>\n<li class=\"uk-text-center\" tabindex=\"-1\"><a class=\"uk-panel\" href=\"https:\/\/www.gespasa.es\/img_admin\/cartutxo-fg100-660708001-660708005-660708002-web_xxl-859tr2.png\" aria-label=\"\/img_admin\/cartutxo-fg100-660708001-660708005-660708002-web_xxl-859tr2.png\" target=\"_blank\" rel=\"noopener\"><img loading=\"lazy\" decoding=\"async\" title=\"Recambios FG-100\" src=\"https:\/\/www.gespasa.es\/img_admin\/cartutxo-fg100-660708001-660708005-660708002-web_m-859tr2.png\" alt=\"Recambios FG-100\" width=\"468\" height=\"468\" \/><\/a><\/li>\n<\/ul>\n<\/div>\n<div class=\"uk-light\"><\/div>\n<\/div>\n<ul class=\"uk-slider-nav uk-dotnav uk-flex-center uk-margin\">\n<li class=\"uk-active\"><\/li>\n<li><\/li>\n<\/ul>\n<\/div>\n<\/div>\n<\/div>\n<\/div>\n<div class=\"uk-width-expand@m\">\n<header class=\"article__header enllas_do\">\n<h1>Recambios FG-100<\/h1>\n<\/header>\n<div>\n<div class=\"referencies\">\n<div id=\"ref-id-4851\" class=\"referencia-inter filter-color  \">\n<div class=\"referencia-codi\">\n<div class=\"title-in\">&#8211; Kit recambio elemento filtrante de 5 \u00b5m (micra) + juntas<\/div>\n<div class=\"codi\">660708001<\/div>\n<\/div>\n<\/div>\n<div id=\"ref-id-4852\" class=\"referencia-inter filter-color  \">\n<div class=\"referencia-codi\">\n<div class=\"title-in\">&#8211; Kit recambio elemento filtrante de papel 5 \u00b5m (micra) + juntas de Vit\u00f3n<\/div>\n<div class=\"codi\">660708005<\/div>\n<\/div>\n<\/div>\n<div id=\"ref-id-4853\" class=\"referencia-inter filter-color  \">\n<div class=\"referencia-codi\">\n<div class=\"title-in\">&#8211; Kit recambio elemento filtrante de papel 25 \u00b5m (micra) + juntas<\/div>\n<div class=\"codi\">660708002<\/div>\n<\/div>\n<\/div>\n<\/div>\n<\/div>\n<\/div>\n<\/div>\n","protected":false},"excerpt":{"rendered":"<p>FILTRO FILKIT \u00b7 di\u00e9sel o gasolina DI\u00c9SEL GASOLINA BIODI\u00c9SEL FILKIT \u00b7 25 \/ 5 \u00b5m 66270 FILKIT \u00b7 25 \/10 \u00b5m \u00b7 absorbente de agua 662700300 FILKIT EX \u00b7 IRON-50 Ex 230 VCA \u00b7 25 \/ 5 [&hellip;]<\/p>\n","protected":false},"featured_media":2546,"comment_status":"open","ping_status":"closed","template":"","meta":[],"product_cat":[80,83],"product_tag":[84,81],"class_list":["post-2544","product","type-product","status-publish","has-post-thumbnail","hentry","product_cat-gespasa","product_cat-filtros","product_tag-filtros","product_tag-gespasa"],"_links":{"self":[{"href":"https:\/\/smartfluid.cl\/index.php\/wp-json\/wp\/v2\/product\/2544","targetHints":{"allow":["GET"]}}],"collection":[{"href":"https:\/\/smartfluid.cl\/index.php\/wp-json\/wp\/v2\/product"}],"about":[{"href":"https:\/\/smartfluid.cl\/index.php\/wp-json\/wp\/v2\/types\/product"}],"replies":[{"embeddable":true,"href":"https:\/\/smartfluid.cl\/index.php\/wp-json\/wp\/v2\/comments?post=2544"}],"wp:featuredmedia":[{"embeddable":true,"href":"https:\/\/smartfluid.cl\/index.php\/wp-json\/wp\/v2\/media\/2546"}],"wp:attachment":[{"href":"https:\/\/smartfluid.cl\/index.php\/wp-json\/wp\/v2\/media?parent=2544"}],"wp:term":[{"taxonomy":"product_cat","embeddable":true,"href":"https:\/\/smartfluid.cl\/index.php\/wp-json\/wp\/v2\/product_cat?post=2544"},{"taxonomy":"product_tag","embeddable":true,"href":"https:\/\/smartfluid.cl\/index.php\/wp-json\/wp\/v2\/product_tag?post=2544"}],"curies":[{"name":"wp","href":"https:\/\/api.w.org\/{rel}","templated":true}]}}