{"id":2638,"date":"2023-07-04T23:48:48","date_gmt":"2023-07-04T20:48:48","guid":{"rendered":"https:\/\/smartfluid.cl\/?post_type=product&#038;p=2638"},"modified":"2023-07-12T00:36:57","modified_gmt":"2023-07-11T21:36:57","slug":"cargador-ultra-rapido-para-flotas-y-estaciones-de-servicio-desde-60-kw-a-180-kw","status":"publish","type":"product","link":"https:\/\/smartfluid.cl\/index.php\/producto\/cargador-ultra-rapido-para-flotas-y-estaciones-de-servicio-desde-60-kw-a-180-kw\/","title":{"rendered":"Cargador ultra r\u00e1pido para flotas y estaciones de servicio desde 60 kw a 180 kw"},"content":{"rendered":"<h1><span>Estaci\u00f3n de carga para veh\u00edculos el\u00e9ctricos de 180 kW<\/span><\/h1>\n<div class=\"fr\">\n<h5 class=\"serp-title\">Estaci\u00f3n de carga para veh\u00edculos el\u00e9ctricos de 180 kW nueva generaci\u00f3n de Grasen con sistema de gesti\u00f3n de cables, compatible con OCPP y gesti\u00f3n de carga.<\/h5>\n<\/div>\n<div><\/div>\n<div>\n<p>La llegada de los veh\u00edculos el\u00e9ctricos ha tra\u00eddo consigo la necesidad de una infraestructura de carga completa y fiable.\u00a0A medida que la popularidad de los veh\u00edculos el\u00e9ctricos contin\u00faa creciendo, la demanda de estaciones de carga m\u00e1s r\u00e1pidas se ha vuelto m\u00e1s apremiante.\u00a0Para satisfacer las crecientes demandas de los clientes y seguir las tendencias, Grasen lanz\u00f3 la nueva generaci\u00f3n de estaciones de carga EV de 180 kW.<\/p>\n<h2><img decoding=\"async\" title=\"retractor del cable del cargador ev\" src=\"https:\/\/www.grasen.com\/uploadfile\/ueditor\/image\/202305\/1685513185d64ddc.jpg\" alt=\"retractor del cable del cargador ev\" \/><\/h2>\n<h2>Mantenimiento de cable<\/h2>\n<p>Una mejora importante del cargador EV de 180kW es el sistema de administraci\u00f3n de cables como componente de soporte adicional.\u00a0Su funci\u00f3n retr\u00e1ctil puede mejorar en gran medida la experiencia de carga de los conductores.\u00a0Adem\u00e1s, este equipo puede extender la vida \u00fatil del cable y hacer que su estaci\u00f3n de carga sea clara y organizada.<\/p>\n<h2>ultrarr\u00e1pido<\/h2>\n<p>Esta estaci\u00f3n de carga para veh\u00edculos el\u00e9ctricos de 180 kW es la \u00faltima incorporaci\u00f3n a la familia de\u00a0<a href=\"https:\/\/www.grasen.com\/dc-fast-chargers.html\" target=\"_self\" rel=\"noopener\">cargadores r\u00e1pidos de CC<\/a>\u00a0de Grasen .\u00a0Es capaz de entregar hasta 180 kW de potencia, proporcionando una carga completa a un EV en solo 15 a 20 minutos.\u00a0Esta es una mejora significativa con respecto al tiempo de carga promedio de 30 minutos para la mayor\u00eda de las estaciones de carga r\u00e1pida.<\/p>\n<h2>Carga simult\u00e1nea<\/h2>\n<p>La estaci\u00f3n de carga EV de 180 kW de Grasen es capaz de cargar varios veh\u00edculos a la vez, lo que la hace ideal para lugares concurridos como centros comerciales, centros de transporte y \u00e1reas de descanso al borde de la carretera.\u00a0Tambi\u00e9n est\u00e1 equipado con una pantalla t\u00e1ctil que proporciona datos en tiempo real sobre el estado de carga y la disponibilidad de la estaci\u00f3n.\u00a0Adem\u00e1s, la estaci\u00f3n est\u00e1 dise\u00f1ada para ser f\u00e1cil de usar, con una interfaz simple que permite a los usuarios iniciar y finalizar f\u00e1cilmente las sesiones de carga.<\/p>\n<h5 class=\"serp-title\">Estaci\u00f3n de carga para veh\u00edculos el\u00e9ctricos de 180 kW<\/h5>\n<p><iframe src=\"https:\/\/www.youtube.com\/embed\/KcuWiDJ2Lxs\" width=\"320\" height=\"560\" frameborder=\"0\" allowfullscreen=\"allowfullscreen\"><\/iframe><\/p>\n<h2>alta compatibilidad<\/h2>\n<p>Otra ventaja de la estaci\u00f3n de carga EV de 180 kW es su versatilidad.\u00a0La estaci\u00f3n es compatible con todo tipo de veh\u00edculos el\u00e9ctricos del mercado y es capaz de cargar coches el\u00e9ctricos, autobuses e incluso camiones.\u00a0Esto se debe a que tiene un amplio rango de voltaje de salida de 150V a 1000V.<\/p>\n<p>En conclusi\u00f3n, la estaci\u00f3n de carga EV de 180 kW es una soluci\u00f3n de infraestructura innovadora y confiable tanto para usuarios de EV como para OEM.\u00a0<a href=\"mailto:sales@grasen.com\">P\u00f3ngase en contacto con nosotros<\/a>\u00a0para obtener una soluci\u00f3n de carga de veh\u00edculos el\u00e9ctricos personalizada.<\/p>\n<\/div>\n","protected":false},"excerpt":{"rendered":"<p>Estaci\u00f3n de carga para veh\u00edculos el\u00e9ctricos de 180 kW Estaci\u00f3n de carga para veh\u00edculos el\u00e9ctricos de 180 kW nueva generaci\u00f3n de Grasen con sistema de gesti\u00f3n de cables, compatible con OCPP y gesti\u00f3n de carga. La llegada [&hellip;]<\/p>\n","protected":false},"featured_media":2639,"comment_status":"open","ping_status":"closed","template":"","meta":[],"product_cat":[92],"product_tag":[93],"class_list":["post-2638","product","type-product","status-publish","has-post-thumbnail","hentry","product_cat-cargadores-electricos","product_tag-cargadores-electricos"],"_links":{"self":[{"href":"https:\/\/smartfluid.cl\/index.php\/wp-json\/wp\/v2\/product\/2638","targetHints":{"allow":["GET"]}}],"collection":[{"href":"https:\/\/smartfluid.cl\/index.php\/wp-json\/wp\/v2\/product"}],"about":[{"href":"https:\/\/smartfluid.cl\/index.php\/wp-json\/wp\/v2\/types\/product"}],"replies":[{"embeddable":true,"href":"https:\/\/smartfluid.cl\/index.php\/wp-json\/wp\/v2\/comments?post=2638"}],"wp:featuredmedia":[{"embeddable":true,"href":"https:\/\/smartfluid.cl\/index.php\/wp-json\/wp\/v2\/media\/2639"}],"wp:attachment":[{"href":"https:\/\/smartfluid.cl\/index.php\/wp-json\/wp\/v2\/media?parent=2638"}],"wp:term":[{"taxonomy":"product_cat","embeddable":true,"href":"https:\/\/smartfluid.cl\/index.php\/wp-json\/wp\/v2\/product_cat?post=2638"},{"taxonomy":"product_tag","embeddable":true,"href":"https:\/\/smartfluid.cl\/index.php\/wp-json\/wp\/v2\/product_tag?post=2638"}],"curies":[{"name":"wp","href":"https:\/\/api.w.org\/{rel}","templated":true}]}}