{"id":563,"date":"2023-02-27T00:22:01","date_gmt":"2023-02-26T21:22:01","guid":{"rendered":"https:\/\/wordpress-914273-3271339.cloudwaysapps.com\/?post_type=product&#038;p=563"},"modified":"2023-03-02T23:59:20","modified_gmt":"2023-03-02T20:59:20","slug":"codo-inteligente-de-descarga-conexion-copec","status":"publish","type":"product","link":"https:\/\/smartfluid.cl\/index.php\/producto\/codo-inteligente-de-descarga-conexion-copec\/","title":{"rendered":"Codo inteligente de descarga conexi\u00f3n Copec"},"content":{"rendered":"<h3 class=\"elementskit-info-box-title\">Codo Inteligente de descarga conexi\u00f3n Copec<\/h3>\n<div class=\"elementskit-box-style-content\">\u00bfQu\u00e9 es? El codo inteligente de descarga conexi\u00f3n Copec es dispositivo Anti Cross Drop que cambia las reglas del juego y que reemplaza sus accesorios regulares de suministro de combustible.<\/div>\n<div><\/div>\n<div class=\"elementskit-box-style-content\">\u00bfQu\u00e9 hace? Lee el tipo de combustible que se entrega en los tanques de almacenamiento a granel en las estaciones de servicio, el sistema discrimina entre gasolina, Diesel y agua evitando la contaminaci\u00f3n del tanque.<\/div>\n<div><\/div>\n<div class=\"elementskit-box-style-content\">\u00bfC\u00f3mo funciona? \u00a0La etiqueta RFID instalada en la cubeta para derrames se comunica con el Codo, no solo dici\u00e9ndole al Codo qu\u00e9 grado debe permitir en el UST, sino tambi\u00e9n transmitiendo cualquier informaci\u00f3n que la etiqueta haya escrito en \u00e9l, como el n\u00famero de tanque, el minorista y la direcci\u00f3n del sitio. El codo ya tiene la hora, la fecha y el a\u00f1o almacenados en la memoria no vol\u00e1til. El cliente puede decidir qu\u00e9 informaci\u00f3n se almacena en el codo, ya sea b\u00e1sica o informativa. La tecnolog\u00eda Bluetooth permite al usuario cargar esta informaci\u00f3n a trav\u00e9s de una aplicaci\u00f3n.<\/div>\n","protected":false},"excerpt":{"rendered":"<p>Codo de descarga inteligente conexi\u00f3n Copec, permite evitar la contaminaci\u00f3n cruzada de combustible generada por errores humanos, el Codo inteligente de descarga bloquea el suministro de combustible al detectar que no es el indicado para el estanque correcto, tambi\u00e9n emite una alarma sonora y en su visor para avisar del error al operario.<\/p>\n<p>&nbsp;<\/p>\n","protected":false},"featured_media":375,"comment_status":"open","ping_status":"closed","template":"","meta":[],"product_cat":[56],"product_tag":[59],"class_list":["post-563","product","type-product","status-publish","has-post-thumbnail","hentry","product_cat-codos-inteligentes-de-descarga","product_tag-codo-de-descarga"],"_links":{"self":[{"href":"https:\/\/smartfluid.cl\/index.php\/wp-json\/wp\/v2\/product\/563","targetHints":{"allow":["GET"]}}],"collection":[{"href":"https:\/\/smartfluid.cl\/index.php\/wp-json\/wp\/v2\/product"}],"about":[{"href":"https:\/\/smartfluid.cl\/index.php\/wp-json\/wp\/v2\/types\/product"}],"replies":[{"embeddable":true,"href":"https:\/\/smartfluid.cl\/index.php\/wp-json\/wp\/v2\/comments?post=563"}],"wp:featuredmedia":[{"embeddable":true,"href":"https:\/\/smartfluid.cl\/index.php\/wp-json\/wp\/v2\/media\/375"}],"wp:attachment":[{"href":"https:\/\/smartfluid.cl\/index.php\/wp-json\/wp\/v2\/media?parent=563"}],"wp:term":[{"taxonomy":"product_cat","embeddable":true,"href":"https:\/\/smartfluid.cl\/index.php\/wp-json\/wp\/v2\/product_cat?post=563"},{"taxonomy":"product_tag","embeddable":true,"href":"https:\/\/smartfluid.cl\/index.php\/wp-json\/wp\/v2\/product_tag?post=563"}],"curies":[{"name":"wp","href":"https:\/\/api.w.org\/{rel}","templated":true}]}}